 a prime number?
True
Is 1800493 a prime number?
True
Is 41520113 composite?
True
Is 496854131 composite?
False
Is 18740777 prime?
False
Is 70141439 a composite number?
True
Is 140019053 a composite number?
True
Is 183122383 prime?
True
Is 23377 composite?
True
Is 305131 a composite number?
False
Is 27702293 a composite number?
False
Is 16452463 prime?
True
Is 483100523 composite?
False
Is 77635001 prime?
False
Is 257072519 prime?
False
Is 204474707 a prime number?
False
Is 20055313 composite?
False
Is 42919843 a composite number?
False
Is 66835733 prime?
True
Is 13183241 composite?
True
Is 123688879 prime?
False
Is 98397817 composite?
True
Is 37354787 composite?
False
Is 660029 composite?
False
Is 12187267 a prime number?
True
Is 959219 a prime number?
True
Is 17105771 composite?
False
Is 67108579 a composite number?
False
Is 131801 composite?
True
Is 769091 a composite number?
False
Is 6564521 composite?
False
Is 20565397 a composite number?
True
Is 33459947 a prime number?
True
Is 206430701 a prime number?
True
Is 10030439 a prime number?
True
Is 19642897 composite?
True
Is 1055251 composite?
False
Is 23242409 prime?
True
Is 4256493 a composite number?
True
Is 11248207 a prime number?
True
Is 280708669 composite?
True
Is 1139909 a prime number?
True
Is 64164143 composite?
True
Is 2319271 prime?
False
Is 12200161 a composite number?
True
Is 1103623 composite?
True
Is 3938351 a prime number?
True
Is 29376923 prime?
True
Is 172906277 prime?
True
Is 293108771 prime?
False
Is 538127 prime?
True
Is 73163131 a prime number?
False
Is 1966283 a composite number?
True
Is 23072663 prime?
False
Is 175894523 composite?
True
Is 6107945 prime?
False
Is 134612987 composite?
True
Is 2195801 prime?
True
Is 190453 prime?
False
Is 43809907 a composite number?
True
Is 46708159 a prime number?
False
Is 25911737 a prime number?
True
Is 8118083 composite?
False
Is 42996671 a composite number?
False
Is 2699171 a composite number?
False
Is 10081217 a prime number?
True
Is 105071993 a prime number?
False
Is 318970889 a prime number?
True
Is 3702971 prime?
True
Is 1323253 a prime number?
True
Is 245836091 a composite number?
False
Is 16435817 a composite number?
True
Is 21368437 a prime number?
False
Is 1018177 a composite number?
False
Is 81441109 prime?
True
Is 11557111 a prime number?
False
Is 423127381 a prime number?
False
Is 702499 a composite number?
True
Is 15760231 a composite number?
True
Is 258953 composite?
True
Is 21285269 a composite number?
False
Is 111472469 a composite number?
True
Is 1668113 a composite number?
False
Is 211513 a prime number?
False
Is 91588781 a prime number?
False
Is 105319 composite?
False
Is 711089 a composite number?
False
Is 96680515 composite?
True
Is 2255797 prime?
True
Is 34606945 a composite number?
True
Is 71879 prime?
True
Is 48827809 a composite number?
False
Is 472433 composite?
True
Is 44313293 a prime number?
True
Is 26242039 a prime number?
False
Is 121268867 composite?
True
Is 1058417113 a prime number?
False
Is 24120827 a prime number?
False
Is 356371117 composite?
False
Is 1166441594 prime?
False
Is 27080353 composite?
False
Is 6428857 prime?
True
Is 607213 a composite number?
False
Is 4019921 prime?
False
Is 260093339 prime?
False
Is 16320919 prime?
True
Is 20584667 a prime number?
True
Is 335759 prime?
False
Is 120003497 a composite number?
True
Is 281509897 a prime number?
False
Is 371450195 a composite number?
True
Is 121700183 a composite number?
True
Is 3295883 a prime number?
True
Is 729257 composite?
False
Is 4937189 composite?
True
Is 4347751 prime?
False
Is 26705201 prime?
False
Is 9498157 prime?
False
Is 32721179 prime?
False
Is 80098583 prime?
True
Is 51516943 prime?
True
Is 21150709 a composite number?
False
Is 1284463 a prime number?
False
Is 21636653 prime?
False
Is 503851 a composite number?
False
Is 3227919 a prime number?
False
Is 440828681 a composite number?
True
Is 12968029 composite?
False
Is 14837653 prime?
True
Is 5866387 prime?
False
Is 550513 a composite number?
False
Is 5896301 composite?
False
Is 3846103 a composite number?
False
Is 16727587 a composite number?
False
Is 13537 a prime number?
True
Is 9636409 composite?
True
Is 60281531 a composite number?
False
Is 65228987 a composite number?
False
Is 1406351 prime?
True
Is 3562981 a composite number?
True
Is 13871129 composite?
False
Is 2163011 a composite number?
False
Is 152480161 prime?
False
Is 1864317203 prime?
False
Is 7868143 prime?
False
Is 28298551 a composite number?
False
Is 74039761 a composite number?
True
Is 56431 a prime number?
True
Is 117361 a prime number?
True
Is 42107459 prime?
False
Is 8191903 composite?
False
Is 23808847 a prime number?
True
Is 3689069 a prime number?
True
Is 14022317 prime?
False
Is 60498829 a prime number?
False
Is 1945547 a composite number?
True
Is 34717989 composite?
True
Is 355297 a composite number?
False
Is 41809939 a prime number?
False
Is 2178599 a composite number?
False
Is 10815685 composite?
True
Is 667659 a composite number?
True
Is 216991 composite?
False
Is 1778443 a prime number?
True
Is 12965359 a prime number?
False
Is 7232849 a prime number?
False
Is 8419651 composite?
False
Is 112215209 a prime number?
False
Is 7576181 prime?
True
Is 923199 composite?
True
Is 24802093 composite?
True
Is 1400846163 a composite number?
True
Is 893087 a composite number?
True
Is 197911643 composite?
False
Is 106147703 prime?
True
Is 47446453 prime?
False
Is 19132763 composite?
True
Is 1435201 prime?
True
Is 3159748057 a prime number?
True
Is 14806563 a prime number?
False
Is 2912087 prime?
False
Is 3445249 a prime number?
True
Is 70617754 a composite number?
True
Is 93363653 a composite number?
True
Is 12456071 composite?
False
Is 67927 composite?
False
Is 33997342 a prime number?
False
Is 439789 a composite number?
True
Is 67976089 prime?
True
Is 143579999 prime?
True
Is 233004583 a prime number?
False
Is 182683693 a composite number?
True
Is 484777 prime?
True
Is 41474045 composite?
True
Is 396796793 a prime number?
True
Is 2114207 a prime number?
True
Is 39093391 a prime number?
False
Is 156432569 composite?
False
Is 246897887 a composite number?
False
Is 45721787 a prime number?
False
Is 8479942 a composite number?
True
Is 670963313 a composite number?
True
Is 2203631 composite?
False
Is 9842051 a composite number?
False
Is 545759 a prime number?
True
Is 200625703 composite?
False
Is 83764061 prime?
True
Is 160901 prime?
False
Is 9869087 a prime number?
True
Is 2791641 a prime number?
False
Is 76291561 composite?
True
Is 65261131 a composite number?
True
Is 1055713 a prime number?
True
Is 61658543 composite?
False
Is 113289511 a composite number?
True
Is 279857 prime?
True
Is 256902609 composite?
True
Is 72281 a composite number?
True
Is 43306043 a prime number?
False
Is 35325571 a composite number?
False
Is 3427061 a prime number?
False
Is 7486949 a prime number?
False
Is 5135381 a composite number?
False
Is 648130738 a composite number?
True
Is 35340859 a composite number?
False
Is 102704561 a composite number?
True
Is 10932401 prime?
True
Is 475459 composite?
True
Is 1604233 a prime number?
False
Is 1790909 prime?
False
Is 3605531 composite?
False
Is 2673961 composite?
True
Is 255896651 composite?
True
Is 357769 composite?
True
Is 5286109 a composite number?
False
Is 141865531 a prime number?
True
Is 19635289 a composite number?
True
Is 115113403 composite?
True
Is 161305303 composite?
False
Is 11977097 composite?
True
Is 8439473 prime?
False
Is 1428341 a prime number?
False
Is 35196961 a prime number?
True
Is 422515201 prime?
False
Is 4068973 a composite number?
False
Is 20891 a prime number?
False
Is 4813133 composite?
True
Is 17732723 composite?
False
Is 133732747 a composite number?
False
Is 467171 a prime number?
True
Is 2583083 a composite number?
False
Is 898877 a composite number?
True
Is 77753707 prime?
True
Is 2762861 composite?
False
Is 44924011 a prime number?
False
Is 5727779 prime?
False
Is 90261031 a prime number?
False
Is 561707 composite?
True
Is 26809401 a prime number?
False
Is 4777571 composite?
True
Is 5713481 a composite number?
False
Is 29630849 composite?
False
Is 44387537 a prime number?
True
Is 28848146 prime?
False
Is 1511717 prime?
False
Is 89480887 composite